{"id":3098,"date":"2023-07-05T16:22:19","date_gmt":"2023-07-05T16:22:19","guid":{"rendered":"http:\/\/kralka.pl\/wp1\/?page_id=3098"},"modified":"2025-08-20T10:58:53","modified_gmt":"2025-08-20T10:58:53","slug":"tytulowa","status":"publish","type":"page","link":"https:\/\/kralka.pl\/wp1\/","title":{"rendered":"O stronie www.kralka.pl"},"content":{"rendered":"<p>Strona www.kralka.pl powsta\u0142a w maju 2002 roku, dziesi\u0119\u0107 lat przed Facebookiem, z my\u015bl\u0105 propagowania mojej dzia\u0142alno\u015bci zawodowej.<br \/>\nDla potrzeb awansu zawodowego nauczyciela, w 2004 roku, musia\u0142em zebra\u0107 dane w formie elektronicznej. A\u017c si\u0119 prosi\u0142o, \u017ceby je opublikowa\u0107.\u00a0P\u00f3\u017aniej, nie by\u0142o ju\u017c takiej potrzeby, st\u0105d nag\u0142y spadek moich aktywno\u015bci na stronie. Dla nabywc\u00f3w moich publikacji, kt\u00f3rzy chcieli si\u0119 o mnie czego\u015b dowiedzie\u0107,\u00a0 zobowi\u0105zany by\u0142em kontynuowa\u0107 wpisy. Strona \u015bwietnie nadawa\u0142a si\u0119 tak\u017ce do komunikacji z uczniami i muzykami oraz dzielenia si\u0119 plikami za pomoc\u0105 w\u0142asnej chmury.<br \/>\nW dobie darmowych i bardzo popularnych komunikator\u00f3w, social medi\u00f3w i Google Drive, p\u0142atne utrzymywanie w\u0142asnej domeny i hostingu zdaje si\u0119 by\u0107 bez sensu. Dla mnie jednak to cena pewnej niezale\u017cno\u015bci oraz braku reklam. Nie wszystkie moje aktywno\u015bci zawodowe znajduj\u0105 tutaj miejsce &#8211; (prze)pad\u0142 mi terabajtowy dysk z archiwum prac.<br \/>\nDzi\u0119kuj\u0119 za odwiedzenie strony. Podzi\u0119kowania i pozdrowienia dla wszystkich os\u00f3b, z kt\u00f3rymi mia\u0142em okazj\u0119 wsp\u00f3\u0142pracowa\u0107. Krzysztof Kralka. 2023.<br \/>\n<a href=\"http:\/\/kralka.pl\/wp1\/wp-content\/uploads\/2023\/12\/KK-1.jpg\" target=\"_blank\" rel=\"noopener\" data-rel=\"lightbox-image-0\" data-rl_title=\"\" data-rl_caption=\"\" title=\"\"><img decoding=\"async\" src=\"http:\/\/kralka.pl\/wp1\/wp-content\/uploads\/2023\/12\/KK-1.jpg\" alt=\"\" width=\"100%\" height=\"100%\" \/><\/a><br \/>\n\u00a9 Strona nie b\u0119dzie trwa\u0107 wiecznie:) Proponuj\u0119, \u017ceby\u015bcie na pami\u0105tk\u0119 skopiowali (wy\u0142\u0105cznie do u\u017cytku osobistego) interesuj\u0105ce Was zdj\u0119cia. Wsz\u0119dzie, gdzie zdj\u0119cia nie s\u0105 podpisane, s\u0105 zrobione z mojego aparatu lub mam prawa do nich. Tam, gdzie s\u0105 podpisane, zdj\u0119cia nale\u017c\u0105 do ich Autor\u00f3w. Nie dotyczy zdj\u0119\u0107 z zak\u0142adki &#8222;Fotografia i filmy&#8221; &#8211; te s\u0105 zastrze\u017cone. <a style=\"color: #111111;\" href=\"https:\/\/kralka.pl\/wp1\/wp-login.php?redirect_to=https%3A%2F%2Fkralka.pl%2Fwp1%2Fwp-admin%2F&amp;reauth=1\">admin<\/a>\u00a0 \u00a0 \u00a0 \u00a0 .\u00a0 \u00a0 \u00a0<a style=\"color: #111111;\" href=\"https:\/\/kralka.pl\/nextcloud\/index.php\/apps\/dashboard\/\">nextcloud<\/a><\/p>\n","protected":false},"excerpt":{"rendered":"<p>Strona www.kralka.pl powsta\u0142a w maju 2002 roku, dziesi\u0119\u0107 lat przed Facebookiem, z my\u015bl\u0105 propagowania mojej dzia\u0142alno\u015bci zawodowej. Dla potrzeb awansu<\/p>\n","protected":false},"author":1,"featured_media":0,"parent":0,"menu_order":0,"comment_status":"closed","ping_status":"closed","template":"","meta":{"footnotes":""},"class_list":["post-3098","page","type-page","status-publish","hentry","comments-off"],"_links":{"self":[{"href":"https:\/\/kralka.pl\/wp1\/wp-json\/wp\/v2\/pages\/3098","targetHints":{"allow":["GET"]}}],"collection":[{"href":"https:\/\/kralka.pl\/wp1\/wp-json\/wp\/v2\/pages"}],"about":[{"href":"https:\/\/kralka.pl\/wp1\/wp-json\/wp\/v2\/types\/page"}],"author":[{"embeddable":true,"href":"https:\/\/kralka.pl\/wp1\/wp-json\/wp\/v2\/users\/1"}],"replies":[{"embeddable":true,"href":"https:\/\/kralka.pl\/wp1\/wp-json\/wp\/v2\/comments?post=3098"}],"version-history":[{"count":86,"href":"https:\/\/kralka.pl\/wp1\/wp-json\/wp\/v2\/pages\/3098\/revisions"}],"predecessor-version":[{"id":6552,"href":"https:\/\/kralka.pl\/wp1\/wp-json\/wp\/v2\/pages\/3098\/revisions\/6552"}],"wp:attachment":[{"href":"https:\/\/kralka.pl\/wp1\/wp-json\/wp\/v2\/media?parent=3098"}],"curies":[{"name":"wp","href":"https:\/\/api.w.org\/{rel}","templated":true}]}}